actors of -9*(230/(-6))/5.
3, 23
Let n(j) = 234*j + 121. What are the prime factors of n(7)?
1759
Let h(d) = d**3 - 9*d**2 - 8*d + 61. List the prime factors of h(15).
1291
Let l(c) be the second derivative of c**5/120 + 19*c**4/24 - c**3/6 + c. Let s(p) be the second derivative of l(p). List the prime factors of s(0).
19
Suppose m - 5*q = -4*q + 453, -4*m + 5*q + 1814 = 0. What are the prime factors of m?
11, 41
Suppose 13*f - 373 = 69. Let x = f - -87. List the prime factors of x.
11
Let h be (-4)/(-6) - 28/42. Suppose 0*c + c - 360 = h. Suppose -4*i + c = i. What are the prime factors of i?
2, 3
Suppose 6 = -6*w + 4*w - 4*s, 0 = -5*w + 2*s - 75. Let d(x) = -9*x - 11. Let k(z) = 28*z + 32. Let u(j) = 16*d(j) + 5*k(j). List the prime factors of u(w).
2, 3
What are the prime factors of 983 - (0 - (-3 - -2))*5?
2, 3, 163
List the prime factors of (-8 - -227) + (-3 - 0).
2, 3
Let j(u) = 11*u**3 + 2*u**2 + 1. Let q(v) = 10*v**3 + 3*v**2. Let m(c) = 3*j(c) - 2*q(c). What are the prime factors of m(2)?
107
Suppose -14*l + 16*l - 288 = 0. List the prime factors of l.
2, 3
Let z = 1555 + -1041. What are the prime factors of z?
2, 257
Let x = 10 - 6. Suppose x*c + 0*c - 631 = 5*z, -174 = -c - 2*z. List the prime factors of (28/(-16))/(-7)*c.
41
Suppose -3*t = -z - 0*t - 9, 3*t = 15. Suppose p - i = -3 + 9, 5*p = -i + z. Suppose 1 = u - p. List the prime factors of u.
3
Let i = -549 + 945. What are the prime factors of i?
2, 3, 11
Let j(g) = g**3 + 8*g**2 + 4*g - 2. Let n be j(-7). Let y = n - 7. Let b(t) = -t**2 + 14*t - 14. What are the prime factors of b(y)?
2, 5
Suppose -8*n + 5*u = -3*n - 40, 3*u + 33 = 4*n. Suppose -4*t = 0, -2*v + 69 = 4*t + n. List the prime factors of v.
2, 3, 5
Suppose -12*k + 180 = -3*k. Let r(z) = z**3 - 22*z**2 + 50*z - 14. What are the prime factors of r(k)?
2, 3, 31
Let w(a) = -2*a + 13. Let h be w(0). Suppose v - 7 = h. Suppose 11*d - v = 9*d. List the prime factors of d.
2, 5
What are the prime factors of 1*(-24)/(-9)*951/4?
2, 317
What are the prime factors of 19238/4 + (-528)/352?
2, 601
Let x(o) = 8*o**2 - 21*o + 296. What are the prime factors of x(-17)?
5, 593
Let l be (4/(-3))/(13/(-39)). List the prime factors of (-40)/(-14)*14/l.
2, 5
Let s be (-15)/(-9)*(-6)/(-2). Suppose 3*v - 119 = q, -s*q - 5 = 5*v - 170. Suppose 0 = -4*f + 2 + v. What are the prime factors of f?
2, 5
Let m(j) = 86*j + 210. What are the prime factors of m(6)?
2, 3, 11
Let c = -14 - -14. Suppose c = -2*s - 0*s + 8. Let i(z) = z**3 - 2*z**2 + 2*z - 1. List the prime factors of i(s).
3, 13
Let m(v) = -14*v + 303. List the prime factors of m(-47).
31
Suppose 2*a - 154 - 2 = 0. Let m = -27 + a. List the prime factors of m.
3, 17
Let f(m) = -m**2 + 37*m - 117. What are the prime factors of f(29)?
5, 23
Let z = 2972 + -1217. What are the prime factors of z?
3, 5, 13
Suppose -4*c = 4*x - 28, 11*x + 3*c = 6*x + 25. Suppose x*m - 75 = -3*m. What are the prime factors of m?
3, 5
Let i(p) = p**2 + 4*p + 7. Let q be (-4)/(-2)*10/(-4). Let z be i(q). What are the prime factors of (-115)/(-20) + 3/z?
2, 3
Let m = -48 + 53. Suppose -m*u = -49 - 51. What are the prime factors of u?
2, 5
Let j(g) = 45*g + 27. Let y(a) = 23*a + 14. Let q(d) = -2*j(d) + 5*y(d). What are the prime factors of q(9)?
241
Suppose 3*x + 12 = 0, 5*u - 50 = 5*x - 0*x. Suppose 87 = -3*c + u*c. List the prime factors of c.
29
List the prime factors of 27838/12 - (-115)/(-138).
3, 773
Let s(d) = 2*d**3 - 4*d**2 - 2*d + 2. Let w(q) = q**3 + 7*q**2 + 2*q + 6. Let x be w(-6). Let l = -26 + x. What are the prime factors of s(l)?
2, 29
Let p(s) = 43*s**3 + 16*s**2 - 6*s - 9. Let v(b) = 29*b**3 + 11*b**2 - 4*b - 6. Let m(t) = -5*p(t) + 7*v(t). What are the prime factors of m(-2)?
83
Let p be (4/5)/(4*2/60). What are the prime factors of 4 + -6*(-100)/p?
2, 13
Let y = -1186 - -3822. List the prime factors of y.
2, 659
Let j be (-3)/(((-6)/21)/(6/3)). List the prime factors of 6*(j - (0 - -4)).
2, 3, 17
Let y be (19988/57)/(2/3 - 1). Let h = -704 - y. List the prime factors of h.
2, 3, 29
Let k be 2/7 + (-1353)/(-287). Suppose 5*a = -4*l + 1330, k*a - 5*l + 4*l - 1305 = 0. List the prime factors of a.
2, 131
Suppose 2*w + 1780 = -4*g, 3548 = 2*w - 6*w + 4*g. List the prime factors of w/(-6) + (-4 - -1) + 0.
5, 29
Suppose -4*o + o - 2*z + 16 = 0, -5*z = 2*o - 18. Let h(g) = -g**3 + 3*g**2 - 6*g + 7. Let j be h(o). Let l = 51 + j. What are the prime factors of l?
2, 3
Let l(p) be the first derivative of -2*p**2 - 21*p - 10. What are the prime factors of l(-16)?
43
Let y(p) = -p**3 - 10*p**2 - 9*p + 10. Let j be y(-8). Let w(h) = 3*h - 6. Let b be w(-8). What are the prime factors of (j/6)/(5/b)?
2, 23
Let y = 123 + 91. Suppose -71 = -3*r + y. What are the prime factors of r?
5, 19
Let m(g) be the first derivative of g**4/4 + 3*g**3 + 9*g**2/2 + 8*g + 15. List the prime factors of m(-7).
43
Let z(k) = -2 - 2 + k**3 - 457*k + 452*k + 2*k**2. Let h be 25/(-9) - (-2)/(-9). What are the prime factors of z(h)?
2
Let w be (112/(-40))/(2/(-65)). Let s = 63 + w. What are the prime factors of s?
2, 7, 11
Let t be (2 - 5/1)/((-36)/48). Suppose -t*o - 267 = -5*o. What are the prime factors of o?
3, 89
Let c be 4/(-22) - 506/(-121). Suppose 38 = -c*n + 210. List the prime factors of n.
43
Suppose 5*g = 3*f - 19 + 7, 3*g + 3*f + 12 = 0. List the prime factors of (-18)/(-21)*(43 - (-3)/g).
2, 3
Suppose 3*s + s - 10 = -2*v, 2*v - 6 = -3*s. Let y = v - -6. Suppose 27 = y*c - 9. List the prime factors of c.
2, 3
Let t(w) = -w**2 - 7*w - 3. Let o be t(-6). Suppose -o*s + 69 = -3*g, 15 = 4*s - 3*s - 5*g. What are the prime factors of s?
5
Suppose 59816 + 9368 = 23*c. What are the prime factors of c?
2, 47
List the prime factors of (-54)/60*-62 + (-1)/(-5).
2, 7
List the prime factors of 14/63 - (40448/18)/(-4).
2, 281
Let j(h) = 2*h**2 - h - 2. Let m be j(2). Suppose -3*t - m = -u + t, -u - t - 21 = 0. What are the prime factors of ((-92)/u)/((-1)/(-4))?
23
Suppose 11*w - 938 = -2*o + 7*w, -o - 3*w = -465. List the prime factors of o.
3, 53
Suppose 40*j - 51*j = -13288. What are the prime factors of j?
2, 151
List the prime factors of (-77)/(-231) - 6088/(-6).
5, 7, 29
Let y be 2 + -1 + (264 - -1). Suppose -y = -5*l + 79. Let r = l + -41. What are the prime factors of r?
2, 7
Suppose 0*l - 12 = -4*l. Let r(c) = 3*c - 3*c - 2*c - 3*c**2 + 2 + c**l. What are the prime factors of r(4)?
2, 5
Let s(f) = -12*f + 7. Let h be s(3). Let d = 11 - h. What are the prime factors of d?
2, 5
Let q be -44 - 33/(-22)*8/3. Let j be (16/(-6))/((-2)/57). Let m = q + j. List the prime factors of m.
2, 3
Let r = -21 + 80. Suppose -27 = 4*p - r. Suppose p = s + 1. List the prime factors of s.
7
Let t = -5 - -5. Suppose t*j + 5*p - 12 = 2*j, -4*p + 8 = 0. What are the prime factors of (3 + -1 - 68)/j?
2, 3, 11
Let a = 696 - 78. What are the prime factors of a?
2, 3, 103
Let l(g) = g + 1. Let a(y) = -2*y - 8. Let x(c) = -a(c) - 3*l(c). Let n be x(-4). Let w = n - 4. What are the prime factors of w?
5
Let c(b) = 16*b**2 - b - 1. Let k be c(-1). Suppose x - 83 = 5. List the prime factors of 75/11 + k/x.
7
Suppose 0 = 5*i - 2*q + 2820, -2*i - q - 2*q = 1147. Let k = -342 - i. List the prime factors of k.
2, 7
Let h(v) = 14*v**2 + 6*v - 24. Let o be h(4). Let t = o + -152. What are the prime factors of t?
2, 3
Suppose 230*a = 228*a + 1108. List the prime factors of a.
2, 277
Let f(n) = n**3 - 6*n**2 + 5*n + 2. Let y be f(5). What are the prime factors of (-5)/20*y - 430/(-4)?
107
Let p be ((-2)/3)/((-6)/(-9)). Let w be (-13)/(p + -2 + 2). Let h = 21 - w. What are the prime factors of h?
2
Suppose i - 1025 = -3*n, 2*n = -i - 3*n + 1035. List the prime factors of i.
2, 5, 101
Let q be (-120)/(-16) + (-1)/2. Let s(g) = -q*g + 12*g + 0 + 2. List the prime factors of s(1).
7
Suppose -3223 = -3*w + 5*f, -w - 2*f - 3208 = -4*w. List the prime factors of w.
2, 13, 41
Let n = 151 - 283. Let x be (-4)/22 + 372/n. List the prime factors of x/(2 - 26/10).
5
Suppose -8 = -f + 2*g - g, -2*f - 3*g = -41. Suppose b - 21 = f. What are the prime factors of b?
2, 17
Let o(u) = -162*u - 645. List the prime factors of o(-15).
3, 5, 7, 17
Let n(m) = -4*m**2 + 11 - 6*m + 5*m**2 - 4*m. List the prime factors of n(12).
5, 7
Suppose -6*b = -16*b + 1710. Suppose l + 